lculate b(q).
0
Let q(m) = m**3 - 46*m**2 + 125*m + 160. Let n be q(43). Let g(i) = i**2 + 8*i - 4. Calculate g(n).
44
Suppose 379*y = 383*y - 2*m - 34, -117 = -27*y + m. Let z(i) be the first derivative of -2*i + 1/3*i**3 - 3/2*i**2 + 1. What is z(y)?
2
Let m(j) = -19*j - 132 - 45*j + j**2 + 105*j - 91. Give m(-46).
7
Let u(s) = s**2 - 1. Let k(p) = 5*p**2 + 3*p + 13. Let t(o) = k(o) - 4*u(o). Give t(0).
17
Let a(y) = 21*y - 2*y**2 + y**2 - 10 - 10 - 8*y + 14. Give a(12).
6
Suppose 5*k + 2*w - 15 = 3*w, 2*k - 4*w - 24 = 0. Let j(r) = k*r - 12 + 16 - 3*r. Let n(a) = 5*a**3 - 2*a**2 + 2*a - 1. Let h be n(1). Give j(h).
0
Suppose 0 = -5*g - 3*v - 328 + 396, 0 = -g - 28*v + 315. Let d(f) = 6 + 2*f**3 + 7*f**2 - 3*f**3 - 2*f + 3*f. What is d(g)?
13
Suppose 45 = 16*s - 13*s. Let k(t) = t**2 - 16*t + 13. Let y be k(s). Let q(u) = 3*u**2 + 3*u + 2. Calculate q(y).
8
Suppose -19*f = f + 60. Let x(s) be the second derivative of -s**6/180 - s**5/40 + 7*s**4/12 + 4*s. Let c(m) be the third derivative of x(m). What is c(f)?
9
Let i = -8454 - -8457. Let b(r) = 10*r**2 - r - 3. Give b(i).
84
Let u(c) be the second derivative of -c**6/180 + c**5/60 + c**4/6 - 7*c**3 - 26*c. Let k(w) be the second derivative of u(w). What is k(-3)?
-20
Let s(t) = 58*t**2 + t - 2. Let f be s(1). Let h = f - 47. Let k(j) = 19 - j - 8 + h*j**2 - 10. What is k(1)?
10
Suppose -2*y = 3*y - 105. Let p(m) = 5*m**2 + 22*m**3 - 2 + 2 + m - y*m**3. Let q(u) = u**3 - 4*u**2 + 5*u - 7. Let j be q(2). Give p(j).
-5
Suppose 6 + 12 = 4*p - 2*n, 0 = 3*p - 2*n - 12. Let h(v) = 6*v - 8. Let c be h(3). Let s(l) = 52*l - 8 - c*l**2 + 3*l**2 + l**3 - 42*l. Give s(p).
16
Let q be 135/36 + (-68)/(-16) + -2 + -2. Let v(j) = 19*j + 16. Determine v(q).
92
Let x(h) = h**2 + 4*h - 6. Suppose -11 = -s - 5. Suppose 7 = s*d - 17. Suppose -a = -2*a - 5*n - 20, d*a = 4*n - 8. Determine x(a).
-1
Let d(k) = -2*k - 3. Let x(m) = -m - 1. Let h(r) = -2*d(r) + 5*x(r). Let v = 3 - 1. Suppose -v*t + 3*t = -6. Determine h(t).
7
Let u(g) = -g - 2 + 5*g**2 + g - 2*g + 8*g - g**3. Let d(h) = 68*h + 822. Let n be d(-12). Calculate u(n).
-2
Let g(h) = 34 - 11*h**2 + 22*h**2 + 8*h - 7*h**2 - 11*h**2 + 6*h**2. Calculate g(10).
14
Let n(t) = 14*t + 70. Let s(x) = -9*x - 69. Let r(v) = 2*n(v) + 3*s(v). Give r(32).
-35
Suppose 4*q = -5*r - 2355, -2*r + 6*q - 949 = 9*q. Let k = r + 458. Let j(i) = -i**3 - 10*i**2 - 11*i - 8. Calculate j(k).
10
Let p(i) = 7*i**3 - 20*i**2 + 10*i + 8. Let z = 216 - 210. Let w(d) = 13*d**3 - 38*d**2 + 20*d + 15. Let y(b) = z*w(b) - 11*p(b). Calculate y(6).
-10
Let w = -26453/60 - -441. Let a(r) be the third derivative of -1/6*r**3 + 0*r + 13*r**2 + 0 + 1/120*r**6 + 7/24*r**4 + w*r**5. Determine a(-5).
14
Let b(g) = -g**3 + 6*g**2 + 16*g + 4. Let o be b(8). Suppose 0 = 3*c - 5*x - 15, o*c = -5*x - 29 + 84. Let i(q) = q - 12. What is i(c)?
-2
Let u(v) = -65*v - 192. Let h be u(-3). Suppose 0 = -h*s + 40 - 25. Let l(o) = -o**3 + 5*o**2 + o + 1. Give l(s).
6
Let u be (-10)/25 - 4/(-10). Suppose 0 = 5*h + 2*w - 44, u = h + w + w - 12. Let s(m) = h - 70*m**2 - m**3 + 2*m + m + 63*m**2 - 2*m. Determine s(-7).
1
Let w(s) = -s + 2. Suppose 168 + 0 = -27*y - y. Give w(y).
8
Suppose 3*k + x = 36, 0 = 3*k - 3*x - 147 + 99. Let c(l) = -l**2 + 8*l + 87. Determine c(k).
22
Let z(k) = k - 2. Suppose 18*s = 20*s - 16. Let j(d) = d**2 - 9*d - 20. Let h be j(s). Let t = h + 25. Give z(t).
-5
Let y(s) = 2*s - 1. Let a(p) = -p. Let l(n) = 4*a(n) + 3*y(n). Let t(w) = 27*w + 73. Let z(j) = 7. Let x(g) = -t(g) + 3*z(g). Let i be x(-2). Determine l(i).
1
Let x(u) = -15*u - 67. Let z(o) = -o**3 - 4*o**2 + o + 6. Let h be z(-3). Determine x(h).
23
Let x(q) = q**2 - q - 38. Let d = 7672 + -7665. Calculate x(d).
4
Let m(f) = f**3 + 14*f**2 + f + 17. Let s be ((-545)/20)/((-4)/20)*8. Suppose 7*z + s - 992 = 0. Determine m(z).
3
Suppose 0 = 32*a - 98*a - 2244. Let r(l) = l**3 + 37*l**2 + 101*l - 26. Give r(a).
8
Let y = 227471/90990 + 2/45495. Let d(k) be the second derivative of 1/12*k**4 - y*k**2 + 0 + 2/3*k**3 + 32*k. Calculate d(-5).
0
Let r(q) = 11*q**2 + 53*q - 67. Let f be r(-6). Let t(k) = -23*k + 253. What is t(f)?
0
Let x(s) = -s**3 - 10*s**2 - s - 26. Let p be x(-10). Let o be (5/2)/((-4)/p). Let d(g) = g + 4 + 3 - o. Give d(3).
0
Let n = 10210 - 10206. Let q(j) = -j**3 + 4*j**2 + 3*j - 2. What is q(n)?
10
Let p = 5787 + -5792. Let k(i) = 7*i - 23. Calculate k(p).
-58
Let k(u) = -6 - 145*u**2 - 170*u**2 + 9*u + 157*u**2 + 156*u**2. Determine k(8).
-62
Let x(h) be the second derivative of -h**4/12 - 7*h**3/3 - 4*h**2 + 72*h - 4. Calculate x(-14).
-8
Let b(i) = i**3 - 25*i**2 - 55*i + 19. Suppose -3*v - 4*n + 93 = 0, 9 = 3*n - 0. What is b(v)?
-8
Let a(h) be the third derivative of -7*h**5/60 - h**4/12 + 2*h**3/3 + 2220*h**2 + 2*h. Determine a(2).
-28
Suppose -17*z + 3 + 10 = -21. Let v(y) = -y**2 - 3. Let h(b) = -3*b + 4*b + 0 - 2. Let c(p) = z*v(p) - 3*h(p). Determine c(-4).
-20
Let g(m) = -7*m + 69. Let b(n) = -5*n + 59. Let y(p) = 4*b(p) - 3*g(p). Determine y(-17).
12
Let i = -19174 - -19221. Let h(a) = a**3 - 49*a**2 + 97*a - 135. Calculate h(i).
6
Let a = 2 + -9. Let x = 64 + -19. Let q(l) = 4 - 51*l + 3 + 2 + x*l - l**2. Calculate q(a).
2
Let p be (3 - 18/((-24)/(-4)))/1. Suppose g + h = -5, g + 0*g + 3*h + 13 = p. Let c(f) = 9*f**3 - f**2 - 2*f - 1. What is c(g)?
-9
Let u(i) = 10*i**2 - 10*i + 17. Let x(d) = -13*d**2 + 10*d - 16. Let f(m) = 4*u(m) + 3*x(m). Let j be 8/(3 + -5)*-2. What is f(j)?
4
Let h(y) = 0*y**2 + 63*y**3 + 3*y - 64*y**3 + y**2 - 3*y. Let l(c) = 7*c**3 - 18*c**2 + 13*c - 15. Let d(s) = 6*h(s) + l(s). What is d(11)?
7
Let n(k) = -18*k + 3. Let a(d) = 224 + 215 - 9*d - 438. Let h(t) = -5*a(t) + 2*n(t). Calculate h(-3).
-26
Let r(i) = -i**2 + 61*i - 791. Let z be r(42). Let o(u) = -5*u**2 + 35*u - 6. Calculate o(z).
-6
Let q(p) = -p**2 - 30*p + 199591 - 199662 - 3*p. Determine q(-31).
-9
Let n(t) be the first derivative of 2*t + 1/2*t**2 + 2. Suppose -6 - 2 = -4*b. Give n(b).
4
Let y = 187 + -187. Suppose y = 6*f + 16*f + 132. Let w(l) = -6 + 4 - 6 + 0 - 2*l. What is w(f)?
4
Suppose -5*q - 4*q = -54. Suppose 3*b = -2*g + 28, 0 = -5*b + q*b + 3*g - 21. Suppose 22 = 7*p - b. Let l(o) = -4*o + 6. Determine l(p).
-10
Let w(x) = 3*x. Let t be ((-2)/(-3))/((-8)/144). Let k = -14 - t. Let d be (((-64)/(-10))/(-4))/(k/5). Calculate w(d).
12
Let h(y) = 2*y**2 - 18*y - 17. Let n(s) = -9 + 13 + s + 6. Let z be n(0). Let u be h(z). Let p(k) = -k**2 + 6*k - 2. Give p(u).
7
Let o(w) = 7*w**3 + 1. Let g = 2684 + -2684. Suppose 5 = s - 3*x, 2 = 5*s - 2*x - 10. Let p be s + 1 - ((g - 3) + 5). Give o(p).
8
Suppose 0 = 42*t - 38*t - 2*j, 2*t + 4*j + 10 = 0. Let c(g) = 29*g**2 - 3*g - 2. Give c(t).
30
Suppose 4*g - 13*i = -12*i + 1, 3*g - 2*i = -3. Let y(w) = -g + 3*w + w - 10*w + 7*w. Calculate y(-3).
-4
Let s(c) be the second derivative of -1 + 1/12*c**4 + 4*c**2 - c**3 + 13*c. What is s(8)?
24
Suppose -59*i + 2577 - 1869 = 0. Let o(a) = a**2 - 12*a. Calculate o(i).
0
Let m(x) be the first derivative of -x**2 + 22*x + 1254. Give m(24).
-26
Let b(q) be the second derivative of -q**5/20 + q**4/4 - q**3/3 + 3*q**2 - 8*q + 18. Determine b(4).
-18
Let v(j) = 3*j**3 + 2*j + 6*j**3 - 5 + 2*j**2 + 0*j**3 - 3 + 9. Give v(-1).
-8
Suppose 2*h + 4*r = 4, -94*h + 91*h + 8 = 4*r. Suppose -88 + 28 = -5*b. Suppose -b + 32 = h*y. Let j(n) = n**3 - 6*n**2 + 8*n - 4. Determine j(y).
11
Let m(t) = -4*t**2 + 4*t - 8. Let l = -3703 - -3699. Calculate m(l).
-88
Suppose 0 = 6*o - 2*o + 2*m + 510, -2*o = -3*m + 267. Let p = -127 - o. Let r(z) = -z**2 - 2*z + 2*z + 1 - 2*z - z**2. Determine r(p).
-11
Let f(k) be the second derivative of -k**3/3 - 12*k**2 - k + 424. Give f(-6).
-12
Let t(s) = 2*s**2 + 55*s - 2. Let c be t(-27). Let j be 0 + 3 + 27 - -4. Let y = j + c. Let x(k) = k + 3. Determine x(y).
8
Let f(s) = -2*s**2 + 19*s + 27. Let g be 8906/803 + 4 + ((-180)/22)/2. Calculate f(g).
-6
Let v = 137 - 135. Let l(i) = -9593*i**v + 11 - i + 9594*i**2 + 13*i. Determine l(-10).
-9
Let l(u) = -8555*u + 8639*u - 237 + 235. Determine l(2).
166
Let g = 2171 - 2163. Let d(f) = -f**2 + 7*f + 9. Calculate d(g).
1
Let g(m) be the second derivative of 0 - 1/10*m**5 - 1/3*m**3 - 7/24*m**4 - 23/2*m**2 + 1/120*m**6 - 3*m. Let q(l) be the first der